{"id":393,"date":"2019-07-05T03:41:54","date_gmt":"2019-07-05T01:41:54","guid":{"rendered":"https:\/\/barnmissionen.se\/shop\/?page_id=393"},"modified":"2019-12-01T13:24:23","modified_gmt":"2019-12-01T12:24:23","slug":"ninami-roys-berattelse","status":"publish","type":"page","link":"https:\/\/barnmissionen.se\/shop\/ninami-roys-berattelse\/","title":{"rendered":"Ninami Roys ber\u00e4ttelse"},"content":{"rendered":"\n<div class=\"squeeze\">\n\n\n\n<div class=\"wp-block-image\"><figure class=\"alignleft\"><img loading=\"lazy\" decoding=\"async\" width=\"300\" height=\"225\" src=\"https:\/\/barnmissionen.se\/shop\/wp-content\/uploads\/2019\/07\/Ninami-Roy2-300x225.jpg\" alt=\"\" class=\"wp-image-394\"\/><\/figure><\/div>\n\n\n\n<p>I maj fick min familj en ko fr\u00e5n en person som jag aldrig har tr\u00e4ffat eller sett. Det var som att bli tr\u00e4ffad av en blixt n\u00e4r vi h\u00f6rde att vi skulle f\u00e5 en ko \u2013 det var helt ofattbart!<\/p>\n\n\n\n<p>Min make, en av v\u00e5ra s\u00f6ner och jag \u00e4r dagl\u00f6nare (arbete av tillf\u00e4llig karakt\u00e4r som bara ger inkomst f\u00f6r dagen. Reds anm.) medan v\u00e5r yngste son g\u00e5r i skolan. P\u00e5 grund av d\u00e5lig ekonomi har vi aldrig kunnat skicka v\u00e5r \u00e4ldste son till skolan. Eftersom vi nu inte haft n\u00e5got arbete under en period var vi r\u00e4dda att vi inte l\u00e4ngre skulle klara av att betala skolg\u00e5ngen f\u00f6r v\u00e5r yngsta son heller. Vi var beredda att avsluta hans utbildning och skicka honom p\u00e5 arbete.<\/p>\n\n\n\n<h3 class=\"wp-block-heading\">Kan forts\u00e4tta sin utbildning<\/h3>\n\n\n\n<p>Nu har den h\u00e4r kon f\u00f6r\u00e4ndrat hela v\u00e5r plan. Kon har sk\u00e4nkt oss hopp och m\u00f6jliggjort f\u00f6r familjen att v\u00e5r son kan forts\u00e4tta sin utbildning. Genom v\u00e5r ko f\u00e5r vi inkomster som t\u00e4cker kostnaderna f\u00f6r v\u00e5r sons utbildning men ocks\u00e5 r\u00e4cker till mat och andra behov.<br>Vi \u00e4r s\u00e5 glada och tacksamma f\u00f6r den givare som gett den b\u00e4sta g\u00e5va v\u00e5r familj kunde f\u00e5. Vi tackar f\u00f6r denna ov\u00e4ntade v\u00e4lsignelse fr\u00e5n en ok\u00e4nd person; din g\u00e5va har f\u00f6r\u00e4ndrat v\u00e5ra liv, sk\u00e4nkt hopp och st\u00e4rkt oss f\u00f6r framtiden.<\/p>\n\n\n\n<h3 class=\"wp-block-heading\">Kon \u00e4r v\u00e5r bank<\/h3>\n\n\n\n<p>Den ko vi har f\u00e5tt \u00e4r v\u00e5r rikedom och tillg\u00e5ng, den \u00e4r v\u00e5rt kapital och v\u00e5r bank. Vi kan fortfarande inte f\u00f6rst\u00e5 hur det kommer sig att just vi fick en ko \u2013 det \u00e4r som en dr\u00f6m! Jag ber om Guds v\u00e4lsignelse \u00f6ver den m\u00e4nniska som skapat denna dr\u00f6m.<\/p>\n\n\n\n<\/div>\n","protected":false},"excerpt":{"rendered":"<p>I maj fick min familj en ko fr\u00e5n en person som jag aldrig har tr\u00e4ffat eller sett. Det var som att bli tr\u00e4ffad av en blixt n\u00e4r vi h\u00f6rde att vi skulle f\u00e5 en ko \u2013 det var helt ofattbart! Min make, en av v\u00e5ra s\u00f6ner och jag \u00e4r dagl\u00f6nare (arbete av tillf\u00e4llig karakt\u00e4r som [&hellip;]<\/p>\n","protected":false},"author":1,"featured_media":0,"parent":0,"menu_order":0,"comment_status":"closed","ping_status":"closed","template":"","meta":{"footnotes":""},"class_list":["post-393","page","type-page","status-publish","hentry"],"_links":{"self":[{"href":"https:\/\/barnmissionen.se\/shop\/wp-json\/wp\/v2\/pages\/393","targetHints":{"allow":["GET"]}}],"collection":[{"href":"https:\/\/barnmissionen.se\/shop\/wp-json\/wp\/v2\/pages"}],"about":[{"href":"https:\/\/barnmissionen.se\/shop\/wp-json\/wp\/v2\/types\/page"}],"author":[{"embeddable":true,"href":"https:\/\/barnmissionen.se\/shop\/wp-json\/wp\/v2\/users\/1"}],"replies":[{"embeddable":true,"href":"https:\/\/barnmissionen.se\/shop\/wp-json\/wp\/v2\/comments?post=393"}],"version-history":[{"count":2,"href":"https:\/\/barnmissionen.se\/shop\/wp-json\/wp\/v2\/pages\/393\/revisions"}],"predecessor-version":[{"id":450,"href":"https:\/\/barnmissionen.se\/shop\/wp-json\/wp\/v2\/pages\/393\/revisions\/450"}],"wp:attachment":[{"href":"https:\/\/barnmissionen.se\/shop\/wp-json\/wp\/v2\/media?parent=393"}],"curies":[{"name":"wp","href":"https:\/\/api.w.org\/{rel}","templated":true}]}}