{"id":401,"date":"2019-07-05T03:45:18","date_gmt":"2019-07-05T01:45:18","guid":{"rendered":"https:\/\/barnmissionen.se\/shop\/?page_id=401"},"modified":"2019-12-01T13:24:22","modified_gmt":"2019-12-01T12:24:22","slug":"getter-blir-till-medicin-och-skolgang","status":"publish","type":"page","link":"https:\/\/barnmissionen.se\/shop\/getter-blir-till-medicin-och-skolgang\/","title":{"rendered":"Getter blir till medicin och skolg\u00e5ng!"},"content":{"rendered":"\n<div class=\"squeeze\">\n\n\n\n<div class=\"wp-block-image\"><figure class=\"aligncenter\"><img loading=\"lazy\" decoding=\"async\" width=\"286\" height=\"408\" src=\"https:\/\/barnmissionen.se\/shop\/wp-content\/uploads\/2019\/07\/Suzan.jpg\" alt=\"\" class=\"wp-image-402\"\/><\/figure><\/div>\n\n\n\n<p>Suzan har aldrig tr\u00e4ffat sina f\u00f6r\u00e4ldrar, hennes Mamma dog vid f\u00f6rlossningen och Pappan har g\u00e5tt bort i AIDS. Suzans gamla mormor har f\u00e5tt ta \u00f6ver f\u00f6r\u00e4ldraansvaret f\u00f6r Suzan.<\/p>\n\n\n\n<p>N\u00e4r jag h\u00f6rde talas om deras situation beslutade jag mig f\u00f6r att bes\u00f6ka familjen. V\u00e4l p\u00e5 plats och n\u00e4r vi h\u00f6rt om familjens situation och behov s\u00e5 ber\u00e4ttade vi att hon skulle f\u00e5 tv\u00e5 getter fr\u00e5n Barnmissionens getprogram.<br>F\u00f6rst blev hon mycket f\u00f6rv\u00e5nad och var helt tyst de f\u00f6rsta minuterna, men man kunde se t\u00e5rar av gl\u00e4dje och tacksamhet som trillade nerf\u00f6r hennes ansikte. Till sist sa hon med en mjuk och f\u00f6rsiktig r\u00f6st att Gud verkligen h\u00f6rt henne och sett hennes situation. Dessa ord ber\u00f6rde mig verkligen och g\u00f6r det fortfarande idag.<\/p>\n\n\n\n<h3 class=\"wp-block-heading\">Ett stort leende<\/h3>\n\n\n\n<p>Efter fyra \u00e5r bes\u00f6kte jag \u00e5terigen Suzan och hennes mormor. Jag kunde knappt tro mina \u00f6gon. N\u00e4r jag kom fram kunde jag r\u00e4kna till tio getter p\u00e5 g\u00e5rdsplanen utanf\u00f6r deras hydda. Den gamla damen var pigg och Suzan hade vuxit och blivit stor, Suzan v\u00e4lkomnade mig med ett stort leende.<br>T\u00e4nk er att utan de getter som sk\u00e4nkts av dig som givare, skulle Suzan och hennes mormors liv vara helt annorlunda. Getterna ger nu n\u00e4ringsrik mj\u00f6lk till b\u00e5de Suzan och hennes mormor och de har kunnat s\u00e4lja n\u00e5gon get och d\u00e4rmed f\u00e5tt lite pengar till hush\u00e5llskassan, pengar som \u00e4ven anv\u00e4nds till mediciner och framtida skolg\u00e5ng f\u00f6r Suzan. Getterna har skapat helt andra f\u00f6ruts\u00e4ttningar f\u00f6r deras liv.<\/p>\n\n\n\n<h3 class=\"wp-block-heading\">En framg\u00e5ngssaga<\/h3>\n\n\n\n<p>Jag vill tacka alla som \u00e4r med och sk\u00e4nker getter och hj\u00e4lper s\u00e5 m\u00e5nga fattiga familjer i Zambia. Jag kan inte med ord beskriva alla de m\u00e4nniskors liv som blivit f\u00f6rvandlade tack vare getprogrammet. Jag \u00f6nskar att ni alla skulle p\u00e5 plats f\u00e5 tr\u00e4ffa en familj som Suzan och hennes mormor och f\u00e5 dela deras gl\u00e4dje. Getprogrammet i Zambia \u00e4r en framg\u00e5ngssaga!<\/p>\n\n\n\n<p><strong>Jessy Mpupulwa<\/strong>, ansvarig f\u00f6r Barnmissionens arbete i Zambia.<\/p>\n\n\n\n<\/div>\n","protected":false},"excerpt":{"rendered":"<p>Suzan har aldrig tr\u00e4ffat sina f\u00f6r\u00e4ldrar, hennes Mamma dog vid f\u00f6rlossningen och Pappan har g\u00e5tt bort i AIDS. Suzans gamla mormor har f\u00e5tt ta \u00f6ver f\u00f6r\u00e4ldraansvaret f\u00f6r Suzan. N\u00e4r jag h\u00f6rde talas om deras situation beslutade jag mig f\u00f6r att bes\u00f6ka familjen. V\u00e4l p\u00e5 plats och n\u00e4r vi h\u00f6rt om familjens situation och behov s\u00e5 [&hellip;]<\/p>\n","protected":false},"author":1,"featured_media":0,"parent":0,"menu_order":0,"comment_status":"closed","ping_status":"closed","template":"","meta":{"footnotes":""},"class_list":["post-401","page","type-page","status-publish","hentry"],"_links":{"self":[{"href":"https:\/\/barnmissionen.se\/shop\/wp-json\/wp\/v2\/pages\/401","targetHints":{"allow":["GET"]}}],"collection":[{"href":"https:\/\/barnmissionen.se\/shop\/wp-json\/wp\/v2\/pages"}],"about":[{"href":"https:\/\/barnmissionen.se\/shop\/wp-json\/wp\/v2\/types\/page"}],"author":[{"embeddable":true,"href":"https:\/\/barnmissionen.se\/shop\/wp-json\/wp\/v2\/users\/1"}],"replies":[{"embeddable":true,"href":"https:\/\/barnmissionen.se\/shop\/wp-json\/wp\/v2\/comments?post=401"}],"version-history":[{"count":5,"href":"https:\/\/barnmissionen.se\/shop\/wp-json\/wp\/v2\/pages\/401\/revisions"}],"predecessor-version":[{"id":446,"href":"https:\/\/barnmissionen.se\/shop\/wp-json\/wp\/v2\/pages\/401\/revisions\/446"}],"wp:attachment":[{"href":"https:\/\/barnmissionen.se\/shop\/wp-json\/wp\/v2\/media?parent=401"}],"curies":[{"name":"wp","href":"https:\/\/api.w.org\/{rel}","templated":true}]}}