{"id":12,"date":"2019-06-19T05:48:53","date_gmt":"2019-06-19T03:48:53","guid":{"rendered":"https:\/\/barnmissionen.se\/shop\/?post_type=product&#038;p=12"},"modified":"2025-08-27T15:00:14","modified_gmt":"2025-08-27T13:00:14","slug":"get","status":"publish","type":"product","link":"https:\/\/barnmissionen.se\/shop\/produkt\/get\/","title":{"rendered":"Get"},"content":{"rendered":"<h2>Varf\u00f6r ska jag ge bort en get?<\/h2>\n<p>I m\u00e5nga l\u00e4nder lever familjer i extrem fattigdom, l\u00e5ngt under det som brukar klassas som existensminimum. D\u00e4r kan en get g\u00f6ra en enorm skillnad.<\/p>\n<p>Geten kommer att sk\u00e4nkas till en utsatt familj, i f\u00f6rsta hand till dem som tar hand om f\u00f6r\u00e4ldral\u00f6sa barn. Att f\u00e5 en get som g\u00e5va \u00e4r livsviktigt f\u00f6r m\u00e5nga familjers \u00f6verlevnad.<\/p>\n<p>Geten ger n\u00e4ringsrik mj\u00f6lk. Den f\u00e5r killingar som s\u00e4ljs av och ger familjen en inkomst, s\u00e5 att de exempelvis kan betala skolavgifter f\u00f6r sina barn.<\/p>\n<p>Barnmissionen delar ut getter i flera afrikanska l\u00e4nder, i Moldavien och i Bangladesh. Getterna k\u00f6ps in p\u00e5 plats och delas ut via v\u00e5ra lokala samarbetsorganisationer. Mottagaren f\u00e5r ocks\u00e5 en enkel utbildning i djurh\u00e5llning. Getter varierar i pris mellan olika l\u00e4nder. Priset vi angett \u00e4r ett riktpris. Ibland kan en get kosta mer och d\u00e5 kan tv\u00e5 givare gemensamt betala f\u00f6r en get.<\/p>\n<p>Om behovet av getter \u00e4r uppn\u00e5tt eller efterfr\u00e5gan fr\u00e5n v\u00e5ra partner minskar, f\u00f6rbeh\u00e5ller sig Barnmissionen r\u00e4tten att omf\u00f6rdela medlen inom ramarna f\u00f6r det samlade arbetet.<\/p>\n<p>Geten blir en present som f\u00f6r\u00e4ndrar liv!<\/p>\n","protected":false},"excerpt":{"rendered":"<p>Ge bort en get och f\u00f6r\u00e4ndra livet f\u00f6r en familj. Du namnger geten och f\u00e5r ett fint namnbevis.<\/p>\n","protected":false},"featured_media":48,"template":"","meta":[],"product_brand":[],"product_cat":[16,31],"product_tag":[],"class_list":{"0":"post-12","1":"product","2":"type-product","3":"status-publish","4":"has-post-thumbnail","6":"product_cat-gavor","7":"product_cat-get","9":"first","10":"instock","11":"downloadable","12":"shipping-taxable","13":"purchasable","14":"product-type-simple"},"_links":{"self":[{"href":"https:\/\/barnmissionen.se\/shop\/wp-json\/wp\/v2\/product\/12","targetHints":{"allow":["GET"]}}],"collection":[{"href":"https:\/\/barnmissionen.se\/shop\/wp-json\/wp\/v2\/product"}],"about":[{"href":"https:\/\/barnmissionen.se\/shop\/wp-json\/wp\/v2\/types\/product"}],"wp:featuredmedia":[{"embeddable":true,"href":"https:\/\/barnmissionen.se\/shop\/wp-json\/wp\/v2\/media\/48"}],"wp:attachment":[{"href":"https:\/\/barnmissionen.se\/shop\/wp-json\/wp\/v2\/media?parent=12"}],"wp:term":[{"taxonomy":"product_brand","embeddable":true,"href":"https:\/\/barnmissionen.se\/shop\/wp-json\/wp\/v2\/product_brand?post=12"},{"taxonomy":"product_cat","embeddable":true,"href":"https:\/\/barnmissionen.se\/shop\/wp-json\/wp\/v2\/product_cat?post=12"},{"taxonomy":"product_tag","embeddable":true,"href":"https:\/\/barnmissionen.se\/shop\/wp-json\/wp\/v2\/product_tag?post=12"}],"curies":[{"name":"wp","href":"https:\/\/api.w.org\/{rel}","templated":true}]}}