{"id":20,"date":"2019-06-19T06:01:49","date_gmt":"2019-06-19T04:01:49","guid":{"rendered":"https:\/\/barnmissionen.se\/shop\/?post_type=product&#038;p=20"},"modified":"2026-01-27T14:57:29","modified_gmt":"2026-01-27T13:57:29","slug":"skolbank","status":"publish","type":"product","link":"https:\/\/barnmissionen.se\/shop\/produkt\/skolbank\/","title":{"rendered":"Skolb\u00e4nk"},"content":{"rendered":"<h2>Varf\u00f6r ska jag ge bort en skolb\u00e4nk?<\/h2>\n<p>Utbildning \u00e4r v\u00e4gen ut ur fattigdom. D\u00e4rf\u00f6r jobbar Barnmissionen f\u00f6r att ge barn s\u00e5 goda f\u00f6ruts\u00e4ttningar som m\u00f6jligt f\u00f6r en bra skolg\u00e5ng!<\/p>\n<p>I m\u00e5nga byskolor sitter barnen direkt p\u00e5 golvet eller p\u00e5 mycket enkla b\u00e4nkar. Genom att k\u00f6pa \u201dLoki-Kea-b\u00e4nken\u201d har du bidragit till att skolor med underm\u00e5liga b\u00e4nkar f\u00e5r m\u00f6jlighet att ge sina elever en mycket b\u00e4ttre skolmilj\u00f6.<\/p>\n<p>B\u00e4nken har en kraftig st\u00e5lram som skruvas ihop. F\u00f6r att passa olika \u00e5ldersgrupper \u00e4r den h\u00f6j- och s\u00e4nkbar, och den har en sl\u00e4t och fin bordsyta. Det blir en present som ger en b\u00e4ttre skolmilj\u00f6!<\/p>\n<p>Om behovet av skolb\u00e4nkar \u00e4r uppn\u00e5tt eller efterfr\u00e5gan minskar, f\u00f6rbeh\u00e5ller sig Barnmissionen r\u00e4tten att omf\u00f6rdela medlen inom ramarna f\u00f6r arbetet i Lokichogio, Kenya.<\/p>\n","protected":false},"excerpt":{"rendered":"<p>Ge bort en skolb\u00e4nk till en skola och skapa en b\u00e4ttre skolmilj\u00f6. Du f\u00e5r ett fint g\u00e5vointyg.<\/p>\n","protected":false},"featured_media":43,"template":"","meta":[],"product_brand":[],"product_cat":[16],"product_tag":[],"class_list":{"0":"post-20","1":"product","2":"type-product","3":"status-publish","4":"has-post-thumbnail","6":"product_cat-gavor","8":"first","9":"instock","10":"downloadable","11":"shipping-taxable","12":"purchasable","13":"product-type-simple"},"_links":{"self":[{"href":"https:\/\/barnmissionen.se\/shop\/wp-json\/wp\/v2\/product\/20","targetHints":{"allow":["GET"]}}],"collection":[{"href":"https:\/\/barnmissionen.se\/shop\/wp-json\/wp\/v2\/product"}],"about":[{"href":"https:\/\/barnmissionen.se\/shop\/wp-json\/wp\/v2\/types\/product"}],"wp:featuredmedia":[{"embeddable":true,"href":"https:\/\/barnmissionen.se\/shop\/wp-json\/wp\/v2\/media\/43"}],"wp:attachment":[{"href":"https:\/\/barnmissionen.se\/shop\/wp-json\/wp\/v2\/media?parent=20"}],"wp:term":[{"taxonomy":"product_brand","embeddable":true,"href":"https:\/\/barnmissionen.se\/shop\/wp-json\/wp\/v2\/product_brand?post=20"},{"taxonomy":"product_cat","embeddable":true,"href":"https:\/\/barnmissionen.se\/shop\/wp-json\/wp\/v2\/product_cat?post=20"},{"taxonomy":"product_tag","embeddable":true,"href":"https:\/\/barnmissionen.se\/shop\/wp-json\/wp\/v2\/product_tag?post=20"}],"curies":[{"name":"wp","href":"https:\/\/api.w.org\/{rel}","templated":true}]}}