{"id":23,"date":"2019-06-19T06:05:24","date_gmt":"2019-06-19T04:05:24","guid":{"rendered":"https:\/\/barnmissionen.se\/shop\/?post_type=product&#038;p=23"},"modified":"2025-02-25T14:55:45","modified_gmt":"2025-02-25T13:55:45","slug":"bikupa","status":"publish","type":"product","link":"https:\/\/barnmissionen.se\/shop\/produkt\/bikupa\/","title":{"rendered":"Bikupa"},"content":{"rendered":"<h2>Varf\u00f6r ska jag ge bort en bikupa?<\/h2>\n<p>Biodling \u00e4r en fantastisk m\u00f6jlighet till sj\u00e4lvf\u00f6rs\u00f6rjning f\u00f6r en fattig och utsatt familj. Honung inneh\u00e5ller m\u00e5nga n\u00e4rings\u00e4mnen och vitaminer som st\u00e4rker immunf\u00f6rsvaret. Honung kan ocks\u00e5 s\u00e4ljas och inkomsten anv\u00e4ndas till skolavgifter, mat och mediciner.<\/p>\n<p>Barnmissionen delar ut bikupor till fattiga familjer i flera olika l\u00e4nder. Mottagaren f\u00e5r ocks\u00e5 en enkel utbildning i djurh\u00e5llning. Priserna p\u00e5 bikupor varierar mellan olika l\u00e4nder. Priset vi angett \u00e4r d\u00e4rf\u00f6r ett riktpris. Ibland kan en bikupa kosta mer och d\u00e5 kan tv\u00e5 givare gemensamt betala f\u00f6r en bikupa.<\/p>\n<p>Om behovet av bikupor \u00e4r uppn\u00e5tt eller efterfr\u00e5gan fr\u00e5n v\u00e5ra partner minskar, f\u00f6rbeh\u00e5ller sig Barnmissionen r\u00e4tten att omf\u00f6rdela medlen inom ramarna f\u00f6r det samlade arbetet.<\/p>\n<p>Din bikupa blir en present som f\u00f6r\u00e4ndrar liv!<\/p>\n","protected":false},"excerpt":{"rendered":"<p>Ge bort en bikupa och hj\u00e4lp en familj att f\u00f6rs\u00f6rja sig sj\u00e4lv. D\u00e5 f\u00e5r ett fint g\u00e5vointyg.<\/p>\n","protected":false},"featured_media":6482,"template":"","meta":[],"product_brand":[],"product_cat":[16],"product_tag":[],"class_list":{"0":"post-23","1":"product","2":"type-product","3":"status-publish","4":"has-post-thumbnail","6":"product_cat-gavor","8":"first","9":"instock","10":"downloadable","11":"shipping-taxable","12":"purchasable","13":"product-type-simple"},"_links":{"self":[{"href":"https:\/\/barnmissionen.se\/shop\/wp-json\/wp\/v2\/product\/23","targetHints":{"allow":["GET"]}}],"collection":[{"href":"https:\/\/barnmissionen.se\/shop\/wp-json\/wp\/v2\/product"}],"about":[{"href":"https:\/\/barnmissionen.se\/shop\/wp-json\/wp\/v2\/types\/product"}],"wp:featuredmedia":[{"embeddable":true,"href":"https:\/\/barnmissionen.se\/shop\/wp-json\/wp\/v2\/media\/6482"}],"wp:attachment":[{"href":"https:\/\/barnmissionen.se\/shop\/wp-json\/wp\/v2\/media?parent=23"}],"wp:term":[{"taxonomy":"product_brand","embeddable":true,"href":"https:\/\/barnmissionen.se\/shop\/wp-json\/wp\/v2\/product_brand?post=23"},{"taxonomy":"product_cat","embeddable":true,"href":"https:\/\/barnmissionen.se\/shop\/wp-json\/wp\/v2\/product_cat?post=23"},{"taxonomy":"product_tag","embeddable":true,"href":"https:\/\/barnmissionen.se\/shop\/wp-json\/wp\/v2\/product_tag?post=23"}],"curies":[{"name":"wp","href":"https:\/\/api.w.org\/{rel}","templated":true}]}}