{"id":29,"date":"2019-06-19T06:12:26","date_gmt":"2019-06-19T04:12:26","guid":{"rendered":"https:\/\/barnmissionen.se\/shop\/?post_type=product&#038;p=29"},"modified":"2025-08-27T14:47:58","modified_gmt":"2025-08-27T12:47:58","slug":"matpaket","status":"publish","type":"product","link":"https:\/\/barnmissionen.se\/shop\/produkt\/matpaket\/","title":{"rendered":"Matpaket"},"content":{"rendered":"<h2>Varf\u00f6r ska jag ge bort ett matpaket?<\/h2>\n<p>Att l\u00e4ra sig n\u00e5got med tom mage \u00e4r n\u00e4stan om\u00f6jligt. M\u00e5nga av de barn som finns i Barnmissionens arbete kommer fr\u00e5n s\u00e5 fattiga omst\u00e4ndigheter att de knappt f\u00e5r mat hemma och inte s\u00e4llan \u00e4r skolmaten den enda riktiga m\u00e5ltid som de f\u00e5r under dagen.<\/p>\n<p>Barnmissionen ser till att skolbarnen f\u00e5r ett n\u00e4ringsriktigt m\u00e5l mat om dagen, men ibland beh\u00f6ver vi \u00e4ven st\u00f6dja familjerna med matpaket. M\u00e5nga matpaket delas ut i samband med julen, men vi delar ut matpaket till beh\u00f6vande barn och familjer under hela \u00e5ret.<\/p>\n<p>Om behovet av matpaket \u00e4r uppn\u00e5tt eller efterfr\u00e5gan fr\u00e5n v\u00e5ra partner minskar, f\u00f6rbeh\u00e5ller sig Barnmissionen r\u00e4tten att omf\u00f6rdela medlen inom ramarna f\u00f6r det samlade arbetet.<\/p>\n","protected":false},"excerpt":{"rendered":"<p>Ge bort ett matpaket och ge julgl\u00e4dje till en beh\u00f6vande familj. Du f\u00e5r ett fint g\u00e5vointyg.<\/p>\n","protected":false},"featured_media":8751,"template":"","meta":[],"product_brand":[],"product_cat":[16],"product_tag":[],"class_list":{"0":"post-29","1":"product","2":"type-product","3":"status-publish","4":"has-post-thumbnail","6":"product_cat-gavor","8":"first","9":"instock","10":"downloadable","11":"shipping-taxable","12":"purchasable","13":"product-type-simple"},"_links":{"self":[{"href":"https:\/\/barnmissionen.se\/shop\/wp-json\/wp\/v2\/product\/29","targetHints":{"allow":["GET"]}}],"collection":[{"href":"https:\/\/barnmissionen.se\/shop\/wp-json\/wp\/v2\/product"}],"about":[{"href":"https:\/\/barnmissionen.se\/shop\/wp-json\/wp\/v2\/types\/product"}],"wp:featuredmedia":[{"embeddable":true,"href":"https:\/\/barnmissionen.se\/shop\/wp-json\/wp\/v2\/media\/8751"}],"wp:attachment":[{"href":"https:\/\/barnmissionen.se\/shop\/wp-json\/wp\/v2\/media?parent=29"}],"wp:term":[{"taxonomy":"product_brand","embeddable":true,"href":"https:\/\/barnmissionen.se\/shop\/wp-json\/wp\/v2\/product_brand?post=29"},{"taxonomy":"product_cat","embeddable":true,"href":"https:\/\/barnmissionen.se\/shop\/wp-json\/wp\/v2\/product_cat?post=29"},{"taxonomy":"product_tag","embeddable":true,"href":"https:\/\/barnmissionen.se\/shop\/wp-json\/wp\/v2\/product_tag?post=29"}],"curies":[{"name":"wp","href":"https:\/\/api.w.org\/{rel}","templated":true}]}}